git of a?
1
Let k be 0/(2/2) - -128. Let y be 2 - -1 - (-21)/(-3). What is the tens digit of y + 1 - k/(-8)?
1
Let l(b) = -b**2 + 2*b + 126. What is the units digit of l(0)?
6
What is the tens digit of ((-40)/(-60))/((-2)/(-177))?
5
Let r(y) = 13*y - 13. Let t be -3*(14/(-2) + 1). Let x(k) = 3*k - 3. Let g(f) = t*x(f) - 4*r(f). What is the units digit of g(4)?
6
Suppose -2*y - 3*y = 0. Suppose 3*j + 12 - 45 = y. What is the tens digit of j?
1
Let m be ((-4)/(-14))/(6/42). Let a = 5 + m. What is the units digit of a?
7
Let n(v) = -v**3 + 2*v**2 - 2. Suppose 0 = 4*k + 2 + 6. What is the units digit of n(k)?
4
Let t = -54 - -76. Let w = t - 5. What is the units digit of w?
7
Let p be (1 - 1)*(-4)/(-8). Let j(m) = 7*m + p + 2 - 1. What is the units digit of j(1)?
8
Let c = 165 - 90. What is the tens digit of c?
7
Suppose -2*x - x = -6. What is the units digit of 2 + (-10)/(-2) + x?
9
What is the tens digit of (31 - 4)*120/18?
8
Let s = 119 + -75. Suppose 3*j + 2*x - 17 = 0, -x - 11 + s = 5*j. What is the units digit of j - 2/(-2)*1?
8
Let a = 4 + 9. What is the tens digit of a?
1
Let z(n) = n + 32. Let c be z(-13). Let d = c - -28. What is the units digit of d?
7
Let b(w) = w - 2. Let g(n) = n - 1. Let p(o) = -b(o) + 3*g(o). What is the units digit of p(1)?
1
Let b be 40/7 - 6/(-21). Suppose -b*g + 40 = -g. Suppose -2*w + 4*j = 6, -4*w - g = 4*j - 44. What is the units digit of w?
5
Let a = -1 - -1. Suppose 3*g - 4*g + 28 = a. Suppose 3*t + t - g = 0. What is the units digit of t?
7
Let d = -8 + 4. Let r = d + 8. What is the units digit of r?
4
Let l(d) = -76*d. Let t be l(-5). What is the tens digit of (t/(-30))/(1/(-3))?
3
What is the units digit of (8/(-24))/(1/(-156))?
2
Suppose k = 9 + 13. What is the tens digit of k?
2
Let x = -23 + 62. What is the tens digit of x?
3
Suppose 66 = 2*d + 2*l, d - 2*l - 1 - 32 = 0. What is the units digit of d?
3
Suppose -l - 3*l = 2*j, -7 = -j + 5*l. What is the units digit of 14 - ((-8)/j - -3)?
5
Let d(b) = 26*b - 28. What is the tens digit of d(4)?
7
Let i be 40/7 + (-6)/(-21). Let r = i - 2. What is the units digit of r?
4
What is the tens digit of ((-4)/(-3))/((-6)/(-108))?
2
Suppose i - 4 = -0*i - 3*t, -3*t + 16 = 4*i. Let x(k) = k**3 + 6*k**2 + 5*k + 4. Let c be x(-5). Let r = i + c. What is the units digit of r?
8
Let z(o) be the first derivative of 1/2*o**2 - 5*o + 1. What is the units digit of z(8)?
3
Let s be 2*3/6 - 1. Suppose s = -w - 1 + 6. Suppose -w*k = -27 - 3. What is the units digit of k?
6
Let n(s) = -s**2 - 4*s + 3. Let q be n(-4). Let x(i) = -2*i**3 - i**2 - i. Let r be x(q). What is the tens digit of (4/(-8))/(3/r)?
1
Let q(h) = h**3 - 8*h**2 + 11*h - 9. Let f be q(7). Suppose 0 = 3*c + 5*t - f, 5*c + 3*t = t + 19. Let j = c + 2. What is the units digit of j?
5
Let o(t) = 3*t**2 + t - 1. What is the units digit of o(-11)?
1
Suppose -2*x + 312 = x. Suppose 4*s = -0*s + x. What is the tens digit of s?
2
Let b = 11 - 6. Let s = b + -5. Suppose 0 = -4*u + 40 - s. What is the units digit of u?
0
Let w(c) = -c**2 - c + 14. Let q = 2 + -2. Let g be w(q). Suppose -3*h - 2*i + g = 0, -h - 2 = -3*i + 5*i. What is the units digit of h?
8
Suppose -2 = u - 5. Suppose 4*l + 21 = -o, 4*l - u*l + o = -6. What is the units digit of (l + 11)*(0 + 1)?
6
Suppose -2*n - 2*n = -32. Let x(i) be the third derivative of i**4/24 + 5*i**3/6 + 7*i**2. What is the units digit of x(n)?
3
What is the units digit of 6/45 - 18258/(-90)?
3
What is the units digit of (-176)/10*(-30)/12?
4
Let c(q) = -3*q**3 - 5*q**2 + 3*q + 14. Let s(d) = 2*d**3 + 4*d**2 - 2*d - 14. Let k(x) = -3*c(x) - 4*s(x). What is the units digit of k(0)?
4
Suppose -4*s + c = -131, 0 = -7*s + 3*s + 4*c + 128. What is the tens digit of s?
3
Suppose 4*q + 24 = -0. Let g be (-1 + 2 - 1) + q. What is the units digit of (g/5)/((-6)/20)?
4
Let i = 6 + -3. Let f(m) = -2*m**2 - m. Let v(k) = 3*k**2 + 2*k. Let q(u) = i*v(u) + 4*f(u). What is the units digit of q(-3)?
3
Suppose 2*d = 147 + 21. What is the tens digit of d?
8
What is the tens digit of (-6)/8*(-472)/6?
5
Let t = 32 - 68. Let o = t - -22. What is the units digit of 32/14 - (-4)/o?
2
Suppose 28 = 5*n - 3*m + 94, -5*n - 4*m - 87 = 0. What is the units digit of n/(-2)*8/6?
0
Let x(k) = 3*k**2 + 5*k - 6. What is the units digit of x(4)?
2
What is the units digit of ((-20)/(-8))/((-2)/(-116))?
5
Let o be (-4)/(-8) - 27/6. What is the tens digit of (-6)/o - (-148)/8?
2
Let s(a) = -2*a + 14. Let m be s(-12). Suppose -w = -5*p - 109 + m, -5*p = -5*w + 55. What is the tens digit of p/(-5) + 2*6?
1
Let b = -135 - -93. What is the units digit of (-3 - (-60)/28)*b?
6
Let g(s) = 8*s - 5. What is the units digit of g(3)?
9
Let q(s) = -s**2 - 13*s + 20. Let x be q(-14). Suppose 2*g - 10 - x = 0. What is the units digit of g?
8
Suppose 0 = -2*p + 4*p. Suppose p = -2*i + 1 + 5, 4*u - 67 = -5*i. What is the tens digit of u?
1
Let v = -60 + 87. What is the units digit of v?
7
Let q = 667 + -381. What is the hundreds digit of q?
2
Let w = 12 - 2. Let s = -8 + 9. Suppose -3*j - z = 0, -j = 4*z + w + s. What is the units digit of j?
1
Suppose -28 = 4*f - 4*o, 0 = o - 1. Suppose 5*p + 6 = -s, 0 = 2*p + s - 2 + 5. Let u = p - f. What is the units digit of u?
5
Let v(l) = l**2 + 5*l + 1. Let y(f) = -3*f**2 - 16*f - 3. Let p(u) = 7*v(u) + 2*y(u). Let r be p(-3). What is the units digit of (-2 - -1)/((-1)/r)?
1
Let c(x) = 229*x**3 - x**2 + 2*x - 2. What is the units digit of c(1)?
8
Suppose -g = i, 2*g + 3 = -i + 2. Let a = -46 - -26. What is the units digit of ((-12)/16)/(i/a)?
5
Let y = -15 - -8. Let x(j) = -j**3 - 7*j**2 + 1. What is the units digit of x(y)?
1
Suppose 10*r - 966 = -376. What is the tens digit of r?
5
Let m be 3/(-3) + (70 - 0). Suppose -5*k = -5*l + 30, -5*k + m = 2*l + 2*l. What is the units digit of l?
1
Let w = -2 - -20. What is the units digit of w?
8
Let u(l) = -14*l - 15. What is the tens digit of u(-4)?
4
Let k be 1 - -1*(34 - 3). Suppose -3*c + k = 4*a - 78, -4*c + 112 = 4*a. What is the units digit of a?
6
Suppose 0 = 20*b - 13*b - 721. What is the tens digit of b?
0
Let w(f) be the second derivative of f**3/6 + f**2/2 - 2*f. Let a be w(-1). Let v = a - -4. What is the units digit of v?
4
Let p be 1/1 - -2 - 0. Let c(r) = r**2 - 2*r. Let m be c(p). Suppose s = -m*s + 40. What is the tens digit of s?
1
Let f(o) = -o**3 - 6*o**2 + o + 7. Let b be f(-6). Suppose b = -2*c + 3. Let v = c - 0. What is the units digit of v?
1
Let c be 2/4 - (-306)/(-12). Let w = c + 35. What is the tens digit of w?
1
Let c(a) = -a + 8. Let d be c(6). Suppose -2*l + 8 = d*l. Let p(g) = 4*g - 3. What is the units digit of p(l)?
5
Let h be ((-66)/9)/(2/(-3)). Suppose 0 = -m - 5 + h. What is the units digit of 4/10*15/m?
1
Suppose 5*x + 2*b - 594 = 371, 4*x - b - 759 = 0. What is the tens digit of x?
9
Let h = -21 - -34. What is the tens digit of h?
1
Let g be 62/4 + 2/(-4). Suppose 5*x - g = f, -3*x + 4*f + 24 = -x. What is the units digit of x?
2
Let m(s) = -s**3 + 12*s**2 + 13*s + 18. What is the tens digit of m(13)?
1
Suppose -12*v + 8*v + 24 = 0. What is the units digit of v?
6
Let f(l) = 3*l - 6*l + 2*l. Let s be f(-2). What is the tens digit of -1 - (s + -12 + -3)?
1
Let l be 1 + -39 + (-2 - 0). Let t = -11 - l. What is the tens digit of t?
2
Let w be 1/(-2) - (-20)/8. Suppose 0*z + 38 = w*z. What is the tens digit of z?
1
Let k(p) = 2*p**2 - 4*p + 4. Let c be k(-4). Suppose -5*o = -o - c. What is the units digit of o?
3
Suppose 540 = 8*s - 3*s. Suppose -10*d = -13*d + s. What is the units digit of d?
6
Suppose -w + 5 = 4*w, 2*w = -r + 55. What is the tens digit of r?
5
Let q be (-50)/(-15) - (-1)/(-3). Suppose -3 = q*s + 4*x - 7*x, 2*s = 5*x + 7. Let l = 5 + s. What is the units digit of l?
1
Let o be 19/7 - 6/(-21). Suppose 0 = -6*f + 2*f + s + 22, o*f - 10 = 4*s. Suppose -3 = -3*c + f. What is the units digit of c?
3
Suppose -608 = -5*y + 387. What is the tens digit of y?
9
Let p = -1 - -4. Suppose 16 = -4*o, 2*v - 13 = 2*o + p. Suppose v*t + 6 = 14. What is the units digit of t?
2
Suppose 5*f - 346 = -101. Suppose -3*w + f = -17. What is the tens digit of w?
2
Let c = -5 - -2. Let r be (-20)/c - 10/15. Let i(k) = -k**2 + 7*k - 2. What is the units digit of i(r)?
4
Let y be 2 + 0 - (27 + 2). Let i be ((-8)/(